 of 17235?
True
Is 18 a factor of 1008?
True
Is 2340 a multiple of 90?
True
Is 23 a factor of 11627?
False
Is 4 a factor of 2243?
False
Is 800 a multiple of 32?
True
Does 81 divide 1458?
True
Does 6 divide 1426?
False
Does 123 divide 7534?
False
Is 11 a factor of 4393?
False
Does 15 divide 1140?
True
Is 19 a factor of 4028?
True
Is 1039 a multiple of 17?
False
Is 72 a multiple of 4?
True
Is 16268 a multiple of 14?
True
Is 2079 a multiple of 8?
False
Is 11 a factor of 341?
True
Is 208 a factor of 46626?
False
Does 11 divide 2402?
False
Is 5261 a multiple of 20?
False
Is 28 a factor of 453?
False
Is 14 a factor of 10808?
True
Is 3810 a multiple of 8?
False
Is 6 a factor of 49698?
True
Is 20468 a multiple of 17?
True
Does 61 divide 732?
True
Is 82 a factor of 1658?
False
Does 11 divide 113?
False
Is 231 a multiple of 3?
True
Is 725 a multiple of 9?
False
Is 38 a factor of 380?
True
Is 16 a factor of 2764?
False
Does 24 divide 1625?
False
Is 57 a multiple of 8?
False
Is 1427 a multiple of 68?
False
Is 7798 a multiple of 22?
False
Does 26 divide 6334?
False
Does 46 divide 92?
True
Does 14 divide 949?
False
Is 795 a multiple of 15?
True
Does 29 divide 2406?
False
Is 751 a multiple of 22?
False
Is 15 a factor of 630?
True
Is 203 a multiple of 7?
True
Is 4392 a multiple of 29?
False
Is 10 a factor of 21018?
False
Is 994 a multiple of 13?
False
Is 6 a factor of 30288?
True
Is 29 a factor of 465?
False
Does 6 divide 6518?
False
Does 46 divide 644?
True
Does 10 divide 31390?
True
Is 27 a factor of 26487?
True
Is 54 a multiple of 14?
False
Does 31 divide 1085?
True
Is 65 a factor of 9360?
True
Does 26 divide 8247?
False
Does 8 divide 193?
False
Does 7 divide 5326?
False
Is 8112 a multiple of 52?
True
Is 2114 a multiple of 24?
False
Does 6 divide 102?
True
Does 137 divide 67541?
True
Is 1750 a multiple of 157?
False
Is 12736 a multiple of 41?
False
Is 7722 a multiple of 27?
True
Is 12 a factor of 1652?
False
Does 3 divide 276?
True
Is 155 a factor of 1767?
False
Does 23 divide 1621?
False
Does 9 divide 1773?
True
Is 4230 a multiple of 8?
False
Is 23887 a multiple of 10?
False
Is 3 a factor of 776?
False
Does 7 divide 3144?
False
Is 73 a factor of 28557?
False
Is 32 a factor of 468?
False
Is 53316 a multiple of 26?
False
Is 28 a factor of 1941?
False
Is 448 a multiple of 64?
True
Is 1094 a multiple of 3?
False
Does 48 divide 2407?
False
Is 26603 a multiple of 60?
False
Is 618 a multiple of 6?
True
Is 5 a factor of 36720?
True
Is 180 a multiple of 36?
True
Does 3 divide 23?
False
Is 1088 a multiple of 4?
True
Does 93 divide 5673?
True
Is 16 a factor of 416?
True
Does 22 divide 58982?
True
Does 23 divide 1230?
False
Does 84 divide 101964?
False
Is 14 a factor of 88?
False
Is 203 a multiple of 18?
False
Is 97 a multiple of 28?
False
Is 594 a multiple of 27?
True
Does 25 divide 7100?
True
Does 88 divide 1545?
False
Is 299 a factor of 40490?
False
Is 1400 a multiple of 14?
True
Does 41 divide 2353?
False
Is 267 a multiple of 3?
True
Does 32 divide 2016?
True
Does 132 divide 1587?
False
Is 10416 a multiple of 62?
True
Is 11295 a multiple of 51?
False
Is 11 a factor of 3025?
True
Is 2376 a multiple of 12?
True
Is 82 a factor of 48872?
True
Is 20 a factor of 1820?
True
Is 10510 a multiple of 5?
True
Is 17 a factor of 14484?
True
Does 12 divide 205?
False
Is 1236 a multiple of 10?
False
Does 11 divide 6659?
False
Does 18 divide 79747?
False
Is 3400 a multiple of 100?
True
Is 3172 a multiple of 81?
False
Is 3045 a multiple of 105?
True
Is 15561 a multiple of 241?
False
Is 3740 a multiple of 32?
False
Is 15750 a multiple of 30?
True
Is 10719 a multiple of 27?
True
Does 48 divide 70944?
True
Does 80 divide 96?
False
Does 13 divide 7824?
False
Is 43 a factor of 516?
True
Is 1489 a multiple of 16?
False
Is 14302 a multiple of 22?
False
Does 4 divide 2148?
True
Is 24 a factor of 432?
True
Does 31 divide 26971?
False
Is 168 a multiple of 24?
True
Is 701 a multiple of 3?
False
Is 274 a multiple of 13?
False
Does 28 divide 628?
False
Is 22 a factor of 281?
False
Is 6255 a multiple of 9?
True
Is 16950 a multiple of 50?
True
Is 18 a factor of 5706?
True
Does 18 divide 256?
False
Is 30124 a multiple of 34?
True
Does 55 divide 13640?
True
Is 54 a factor of 640?
False
Is 54406 a multiple of 32?
False
Does 14 divide 1037?
False
Does 4 divide 1128?
True
Is 2880 a multiple of 15?
True
Does 13 divide 30319?
False
Does 63 divide 31655?
False
Does 12 divide 5892?
True
Is 93 a factor of 6448?
False
Is 24 a factor of 3672?
True
Is 159 a multiple of 3?
True
Is 4323 a multiple of 119?
False
Is 34 a factor of 1390?
False
Is 10 a factor of 14065?
False
Is 3 a factor of 3799?
False
Is 7644 a multiple of 156?
True
Does 35 divide 1960?
True
Is 22 a factor of 506?
True
Is 1910 a multiple of 5?
True
Is 18 a factor of 14328?
True
Is 31242 a multiple of 233?
False
Is 2 a factor of 92?
True
Does 27 divide 11117?
False
Is 755 a multiple of 17?
False
Is 11 a factor of 1265?
True
Is 18 a factor of 1506?
False
Is 184 a multiple of 23?
True
Is 3857 a multiple of 19?
True
Is 6 a factor of 5181?
False
Does 19 divide 627?
True
Is 7442 a multiple of 61?
True
Is 10 a factor of 5757?
False
Is 7 a factor of 1960?
True
Is 39 a multiple of 8?
False
Is 3432 a multiple of 85?
False
Is 162 a multiple of 19?
False
Is 122 a multiple of 72?
False
Does 15 divide 52?
False
Is 1036 a multiple of 28?
True
Is 10 a factor of 2546?
False
Does 75 divide 60675?
True
Is 4952 a multiple of 4?
True
Is 28 a factor of 41?
False
Is 50895 a multiple of 39?
True
Is 528 a multiple of 24?
True
Is 10960 a multiple of 11?
False
Does 11 divide 500?
False
Is 12 a factor of 2640?
True
Is 106056 a multiple of 54?
True
Is 1050 a multiple of 30?
True
Is 40 a factor of 7160?
True
Is 46 a factor of 9936?
True
Is 60 even?
True
Is 30 a factor of 11833?
False
Is 690 a multiple of 30?
True
Does 18 divide 7334?
False
Is 72 a factor of 432?
True
Is 45011 a multiple of 78?
False
Is 264 a multiple of 12?
True
Is 20 a factor of 901?
False
Does 51 divide 3323?
False
Is 19380 a multiple of 19?
True
Is 1936 a multiple of 11?
True
Does 13 divide 110?
False
Does 34 divide 1120?
False
Does 123 divide 23211?
False
Does 8 divide 352?
True
Does 35 divide 9395?
False
Is 10476 a multiple of 17?
False
Is 59624 a multiple of 27?
False
Is 94 a factor of 16304?
False
Is 150084 a multiple of 71?
False
Is 423 even?
False
Is 57 a multiple of 7?
False
Does 60 divide 24480?
True
Is 19720 a multiple of 5?
True
Is 29 a factor of 348?
True
Is 1512 a multiple of 27?
True
Is 10 a factor of 12300?
True
Does 55 divide 275?
True
Is 53 a factor of 1301?
False
Is 14 a factor of 3103?
False
Is 51 a factor of 4692?
True
Does 95 divide 13616?
False
Is 9 a factor of 1008?
True
Is 30 a factor of 65804?
False
Is 3 a factor of 197?
False
Does 39 divide 653?
False
Is 35 a factor of 8925?
True
Is 143 a factor of 602?
False
Is 10 a multiple of 4?
False
Is 12000 a multiple of 200?
True
Is 20 a factor of 1600?
True
Is 2301 a multiple of 39?
True
Does 10 divide 1660?
True
Is 50 a factor of 6281?
False
Is 94 a factor of 169?
False
Is 1368 a multiple of 12?
True
Is 1795 a multiple of 2?
False
Is 36 a factor of 10692?
True
Does 2 divide 4751?
False
Is 6 a factor of 18?
True
Is 304 a multiple of 18?
False
Is 67 a multiple of 17?
False
Does 292 divide 101616?
True
Is 16 a factor of 12432?
True
Is 223 a factor of 24084?
True
Is 756 a multiple of 117?
False
Is 161 a factor of 31556?
True
Is 8 a factor of 28?
False
Is 147 a factor of 7791?
True
Is 119 a factor of 24535?
False
Does 43 divide 64549?
False
Is 187 a multiple of 23?
False
Does 3 divide 207?
True
Is 18 a factor of 3546?
True
Is 6239 a multiple of 19?
False
Does 72 divide 270?
False
Is 32 a factor of 456?
False
Is 5520 a multiple of 10?
True
Is 8606 a multiple of 19?
False
Is 6 a factor of 23631?
False
Does 26 divide 8562?
False
Is 45 a factor of 45?
True
Is 24 a factor of 144?
True
Is 12 a factor of 4346?
False
Is 25 a factor of 1014?
False
Is 819 a multiple of 63?
True
Is 80 a factor of 2208?
False
Is 3400 a multiple of 20?
True
Does 21 divide 2942?
False
Does 49 divide 2009?
True
Does 6 divide 3435?
False
Does 19 divide 76?
True
Does 12 divide 37908?
True
Does 25 divide 47425?
True
Is 12 a factor of 1262?
False
Does 3 divide 153?
True
Is 